(1 + -3 - 1830) + 0. Is d/(-2) + (-6)/((-6)/3) composite?
False
Let u = 6916 + -3557. Is u prime?
True
Is (1186/(-8))/((22/2)/(-748)) a prime number?
False
Suppose 4*u - 5 = 3*u. Suppose 385 = 2*j + 5*f, -j + u*f = -200 - 30. Let l = j + -14. Is l composite?
False
Let m(h) = -4*h**2 + 7*h + 4. Let d(v) = -3*v**2 + 6*v + 3. Let n(l) = 3*d(l) - 2*m(l). Let s be n(2). Suppose -s*a + 598 = -207. Is a a composite number?
True
Let r = 3408 - -45. Is r a prime number?
False
Let k be (178/10)/((-3)/(-15)). Let c = -129 + k. Let z = c + 117. Is z prime?
False
Let t = 12 + -4. Is 93*t - (5 - 4) a prime number?
True
Let x(u) = -6*u + 44. Let q(t) = 2*t - 15. Let y(f) = -10*q(f) - 3*x(f). Let v be y(9). Suppose v*m - 4*m = -1012. Is m composite?
True
Let c(b) = -24*b - 71. Is c(-18) prime?
False
Let f be 14/56 - 130/8. Let r = 39 + f. Suppose r*i - 24*i = -257. Is i a prime number?
True
Let s = 173 - 168. Suppose -2*d - 2223 = -3*d - s*p, d - 2216 = 2*p. Is d composite?
True
Let k(c) be the first derivative of 13*c**3/3 - 3*c**2 + 5*c + 21. Let r = 14 + -8. Is k(r) a prime number?
False
Suppose 43719 = 31*c - 40136. Is c a prime number?
False
Let s(m) = -2*m - 15. Let o be s(-7). Let l = o - -1. Let v(u) = u**2 + u + 91. Is v(l) composite?
True
Is 2 + (2 - 79494/(-6)) a composite number?
True
Let s = -42 - -93. Let a be -3 + s/3*1. Suppose -3*l + 2*l = -a. Is l a composite number?
True
Suppose -82906 = -41*y + 1611583. Is y prime?
False
Suppose -18 - 126 = -9*r. Suppose 0 = 3*s + 4*v - 6313, 0 = 5*v - v - r. Is s composite?
False
Let q(k) = -k**3 + 20*k**2 + 25*k + 58. Is q(21) a prime number?
False
Let w(y) = 12 - 3*y**2 - 32*y**3 - 1 - y + 4*y. Is w(-3) prime?
True
Let l = -9 + 10. Let g be 6/(-2) + (l - 2). Is (-992)/(-72) - g/18 a prime number?
False
Suppose -3*k + 2*z = -159673, -5*z + 46466 = k - 6730. Is k a composite number?
True
Let h be (-10)/(-4) - 1/(-2). Let b(m) = 3*m**2 + 18*m + 5. Let y be b(-6). Suppose -h*f + 272 = y*c + 78, -186 = -3*f - 3*c. Is f a composite number?
True
Suppose 32*v = 210805 - 2645. Is v a composite number?
True
Let l(o) = -o**3 + 21*o**2 + 13*o - 23. Let y be l(18). Suppose y = 6*p - 731. Is p prime?
False
Suppose 4*i = t + 13, -i + 11 = i - 5*t. Let q be ((-4)/i)/((-11)/(-66)). Let r(o) = -42*o - 5. Is r(q) a composite number?
False
Let w be ((-2612)/8)/((-1)/6). Suppose -86*c = -89*c + w. Is c composite?
False
Is ((-3)/(24/(-32)) + 15594)/2 a prime number?
False
Let j be 0/(0 - (3 + -1)). Suppose j = -3*v + 2*z - 35, 3*v - 5*z + 16 = 2*v. Let y = v - -30. Is y prime?
True
Suppose 6*y - 9 = -75. Let w(z) = -z**3 - 9*z**2 - 13*z - 14. Is w(y) a composite number?
True
Let s(p) = 2*p**2 - 5*p - 23. Let d(o) = -o**2 + o. Let n(h) = -3*d(h) - s(h). Is n(12) a prime number?
True
Suppose 6*d + 163691 = 2*z + 3*d, -5*d = 4*z - 327393. Is z a composite number?
False
Is 1 + (49069 - (-1 + 14/7)) a prime number?
True
Let o = 145 - 146. Is (-2806)/4*-2 - (o - -2) a composite number?
True
Let p(h) be the second derivative of 2*h**2 - h + 1/6*h**4 + 0 + 5/6*h**3. Is p(-7) composite?
False
Let s = 104 + -35. Let q = 127 - s. Is q a prime number?
False
Let o = 3 + -4. Let k(y) = -5*y**2 - 2*y - 1. Let c be k(o). Let j(a) = 44*a**2 - 6*a - 9. Is j(c) composite?
False
Let n be 82/(-10) - (-12)/(-15). Let s = n + 13. Suppose -s*p + 148 + 64 = 0. Is p composite?
False
Let o = -799 + 10566. Is o a prime number?
True
Suppose k - 4*k + a = -29, -3*k + 49 = 4*a. Let p(v) = -49*v - 13 + 16 + 10 + k. Is p(-19) a composite number?
True
Let h = 2964 + -1307. Is h a prime number?
True
Let m = -1 - -1. Suppose 8*a - 9*a + 2 = m. Suppose p + 0*p = 1, a*w - 960 = 2*p. Is w a prime number?
False
Let u = -46271 - -92844. Is u a prime number?
True
Suppose 5*t + 2*w - 25861 = 0, -2*t + 4*w + 10356 = -w. Is t prime?
False
Let p(z) = 2*z - 9. Suppose -5*w - 32 = -2*v - 0*w, 4*w - 2 = -3*v. Let m be p(v). Suppose m*o - 122 = 361. Is o prime?
False
Let m = 166 - 86. Let x = 157 - m. Is x composite?
True
Let z = -49 - -53. Suppose -5*p + 54 = z*w - 2*w, -2*w - 3*p = -62. Is w prime?
True
Let f = 22 - 16. Let c(h) = -h**3 + 7*h**2 - 5*h - 3. Let t be c(f). Suppose -3*s - 181 = -2*j, -57 + 149 = j - t*s. Is j a prime number?
True
Suppose -4609 = 2*m - 5*x, m = 6*m + 5*x + 11435. Is 3/(9/m*-4) a prime number?
True
Let i = 19 + 19. Is 7/3*(i + -5) prime?
False
Suppose 3*a - 124 = -4*k, 5*k = -0*a + 3*a - 88. Let l = -28 + a. Let d(m) = 2*m**3 - 10*m**2 - 6*m - 5. Is d(l) a composite number?
False
Let r be 1/(16/(-12)) + (-15)/(-4). Let i = -364 - -1032. Suppose 3*m - 987 = 2*g, -2*g = 5*m - r*m - i. Is m composite?
False
Let l(d) = 5*d**2 + 6*d - 2. Suppose 0 = -2*g + g - 4. Let o(t) = 9*t**2 + 12*t - 3. Let h(f) = g*o(f) + 7*l(f). Is h(-3) a prime number?
True
Suppose -8*q + 21*q - 77363 = 0. Is q a prime number?
False
Is (-188126)/(-12) - 44/264 a prime number?
False
Let d(v) = -3*v + 11. Let x be d(5). Is (2032/(-4))/x*3 composite?
True
Let s be 2/(48/20 - 2). Suppose -2*z + z + s*a + 12 = 0, -a = -z + 4. Is 32 + (2 - (z + -2)) composite?
True
Is (16/4)/2 - -1479 a prime number?
True
Suppose -5*x + 20 = -x. Suppose -5 = x*q, 2*f - q = f - 9. Is f/35 + 4106/14 composite?
False
Let k be (1 - -536)*2/6. Let g = -21 + -1. Let q = k + g. Is q composite?
False
Let c(d) = 320*d - 15. Let r be c(6). Suppose 0 = u + 2*u - r. Is u a composite number?
True
Suppose -4*b = -5*b + 4*y - 8, 3*b = 3*y - 15. Is -499*b/(1 - -3) prime?
True
Suppose -5*u - 95 = -0*u. Let f = u - -13. Is (-15)/f*(-2344)/(-20) a composite number?
False
Suppose -5*q + 12*q = 7259. Let f = 1506 - q. Is f composite?
True
Let x = 326 - -4689. Let p = x + -3456. Is p composite?
False
Let a(q) = q**2 - 3*q + 9. Let h(l) = l**3 + 3*l**2 + 6. Let z be h(-3). Let b be a(z). Suppose b = 2*w - 15. Is w a prime number?
False
Let p(z) = 5*z + 2. Let d be p(1). Suppose 4*n - 2*l - 26 = 0, 5*l = -n - n + d. Let m(q) = 191*q + 5. Is m(n) a composite number?
False
Let f be ((-8)/28)/(2/(-14)). Suppose -t - 348 = -f*t. Let c = t + -157. Is c composite?
False
Let v(k) = -k**3 + 6*k**2 - 5*k - 2. Let j be v(5). Let i be 3*(j + 1680/(-9)). Let n = -355 - i. Is n a composite number?
False
Let z(s) = 16*s - 9. Let w(r) = -16*r + 10. Let h(d) = 2*w(d) + 3*z(d). Is h(8) a prime number?
False
Let h(f) = -f**3 + 15*f**2 + 3*f + 19. Suppose b = -x + 2*x, 4*x + 5*b = 36. Suppose 2*p + 60 = x*v + p, -p - 46 = -3*v. Is h(v) composite?
False
Suppose -81 = 14*k - 2755. Suppose 10*g - k = 9*g. Is g a composite number?
False
Suppose -4*m = -3*h + 39, 2*h - 6 = -7*m + 3*m. Suppose -2*v + 2*s + 2*s = -752, h = 3*s. Is v prime?
False
Is 19/((-684)/8) - 71734/(-18) a prime number?
False
Let q be -1 - -6*(-2)/(-4). Suppose q*n = -0*n + 3*s + 553, 289 = n - 4*s. Let m = n + -192. Is m a prime number?
False
Is (-28)/21 - 3127/(-3) prime?
False
Let x be (-15 + 6)*(1 - 2). Let k(r) = r**2 - 10*r + 12. Let m be k(x). Is m - (-12)/(-4) - -115 prime?
False
Let q(f) = f - 3. Let g be 5 + 3 + -1 + -3. Let s be q(g). Let c(o) = 428*o**3 - o. Is c(s) prime?
False
Suppose 1 = i - 0. Let m be -5 + 3 + 1 + i. Suppose m = -s - 3*h + 1 + 7, -s + 4*h + 22 = 0. Is s a composite number?
True
Let d(t) = -t**2 - 3*t - 2. Let b be d(-4). Let v be (48/(-40))/(b/20). Suppose v*s = 1545 - 61. Is s composite?
True
Let d = 30638 + -16515. Is d a prime number?
False
Let a be 0*((-15)/6 - -3). Let j = a + -2. Let v(d) = -30*d - 1. Is v(j) a composite number?
False
Let o = 12 - 7. Let i be (6/(-4))/(o/830). Is (i/6)/(4/(-8)) composite?
False
Let a(z) be the first derivative of -z**2/2 - 3*z + 4. Let m be a(-3). Suppose m = u + 4*u - 295. Is u composite?
False
Let k(v) = v**2 + v + 1. Let h be k(-5). Let q be (-154)/h + (-4)/(-3). Is (-68)/q*(-2 - -5) composite?
True
Let k = -9340 - -13451. Is k prime?
True
Suppose 5*l - 31987 = 4*q, 5*q + 0*l + 39989 = l. Let y = -5539 - q. Is y a prime number?
True
Suppose -50 = -5*q - 8*k + 3*k, 3*k - 6 = q. Let u be (-57778)/(-21) - 1*4/3. Suppose u = -q*b + 12872. Is b composite?
True
Let s = 4936 - 1295. Is s a prime number?
False
Let f(p) = 2*p + 22. Let v be f(-9). Suppose -3291 = -v*k + 1145. Is k prime?
True
Let q(d) = -d**2 + 6*d - 1. Let w be q(5). Suppose -w*t = -7*t + 543. Is t a prime number?
True
Let l(v) = -14